. Let k be j(-3). Suppose -4*x - x = 5*y - 1385, -2*x = -4. Calculate the greatest common divisor of k and y.
55
Let z(c) = -c**2 + 1155*c + 14036. Let m be z(-12). Let r be ((-111)/9)/((-2)/192). What is the highest common factor of r and m?
32
Suppose -5*l = -71 + 6. Let o = 779 - 776. Suppose -o*p - 324 = -753. What is the highest common factor of p and l?
13
Let s = 82 + -72. Let u(y) = 2*y - 19. Let x be u(s). Suppose -f + x = -16. What is the greatest common factor of 17 and f?
17
Suppose -7*u - 19915 = -131*u - 2059. Let g = -78 - -294. Calculate the greatest common divisor of g and u.
72
Let n(u) = -21*u - 689. Let k be n(-33). Calculate the greatest common factor of 508 and k.
4
Let f(w) = -3*w**2 - 94*w - 22. Let i be f(-31). Suppose 10*x - i*x + d = 148, -133 = -x - 4*d. Calculate the highest common factor of x and 9.
9
Suppose 12*v + 420 = 18*v. Suppose 61*q - v = 56*q. Suppose 2*j = l - 3 + q, 4*l = -3*j + 44. What is the highest common factor of 44 and j?
4
Let r = 117 + -124. Let v be 8/(3/r + 169/182). What is the greatest common divisor of 10 and v?
2
Let m be (536/3)/((-92)/(-552)). Calculate the highest common factor of m and 208.
16
Suppose -2*g + 148 = -72. Suppose 228*m = 224*m - 28, 4*p - 6*m - 82 = 0. Calculate the greatest common divisor of p and g.
10
Let v = -442 - -904. Let p(l) = -3*l**3 - 5*l**2 - 2*l. Let a be p(-3). Calculate the highest common divisor of v and a.
42
Let b(s) = 2*s**2 + 67*s + 269. Let p be b(40). Calculate the greatest common divisor of p and 429.
143
Let d(z) = -20*z**2 + 6*z - 5. Let f be d(1). Let l(m) = -6*m - 33. Let i be l(f). Suppose 44 = 2*n + 8. Calculate the highest common divisor of n and i.
9
Suppose -3*p + 45 = 6*p. Let f be 1*(0 - 39/(-6))*2. Let k = f + -8. What is the greatest common factor of k and p?
5
Suppose -2*i = -10, -6*b + 5*i = -11428 - 4003. Calculate the greatest common factor of b and 112.
112
Suppose -2*x - 2*d + 397 = -351, 5*x - 1924 = 4*d. Let p be ((-20)/(-15))/((-3)/(-90)). What is the highest common factor of x and p?
20
Let d = 36 + -16. Let t = 199 + -172. Suppose -t*q + 810 = -0*q. Calculate the highest common factor of d and q.
10
Let h(m) = 4*m**2 - 21*m - 110. Let o be h(-10). Let w = o - 475. What is the greatest common factor of w and 225?
25
Let w be ((-2)/(4/3))/((-18)/1548). Let a(q) = q**2 + 20*q - 70. Let t be a(-26). Calculate the highest common divisor of t and w.
43
Let b be 1718370/626*26/5. What is the highest common divisor of b and 117?
117
Suppose -35 + 0 = -7*r. Suppose b - 3*a - 6 = 5, 44 = 2*b + r*a. Calculate the greatest common factor of 51 and b.
17
Suppose 0 = n - 7*l + 11*l - 6978, 0 = 3*l + 6. What is the highest common factor of n and 14?
14
Suppose 4*q = -3*i + 1646, 3*i - 2*q - 678 = 992. Let w = -372 + i. What is the greatest common divisor of 154 and w?
14
Let s = -56 - -107. Suppose 87 = 4*m + y, 2*m + 0*y = y + s. Calculate the highest common factor of 253 and m.
23
Suppose 3*b - 15 = 39. Suppose 12*z - 335 = 17*z. Let c = 79 + z. What is the greatest common factor of c and b?
6
Let r be 206/14 + 12/42. Suppose 10 = -14*m + r*m. Suppose 0 = 5*i + 3*j - 338, -2 = j + 2. What is the greatest common factor of m and i?
10
Let p be ((1848/(-2))/((-22)/1815))/((-3)/(-2)). Calculate the highest common divisor of p and 132.
132
Let y(n) = 37*n - 15. Let p be (-3 - -2)*4 - (-12 + 7). Let q be y(p). Calculate the highest common factor of 2 and q.
2
Suppose -20 = -5*z, 3*n - 233 = -2*z - 3*z. Suppose 4*d - n = 1. What is the greatest common factor of d and 63?
9
Let s = 96 + -60. Suppose 2*v - 1204 = -5*v. Let l = 80 + v. What is the greatest common factor of l and s?
36
Suppose 5*m = 9*r + 614 + 1115, 4*m - 1378 = 2*r. What is the highest common divisor of m and 8?
8
Let o(v) = -v**3 + 7*v**2 - 9*v + 6. Let p be o(4). Suppose 13*x = -648 + 2364. Calculate the highest common factor of p and x.
6
Let x = -8781 - -24077. Calculate the greatest common factor of 239 and x.
239
Suppose 4*b = 7*b + 24. Let j = -2 - b. Suppose 1 = j*v - 5. What is the greatest common factor of 9 and v?
1
Suppose 0 = 34*q + 12*q - 516 - 1002. Calculate the highest common divisor of q and 21054.
33
Let w(q) = -q**2 + 3. Let n be w(0). Suppose -4*t = -n*r - 0*r - 559, r = -2*t + 267. Let k = -6625 + 6642. What is the greatest common divisor of k and t?
17
Let b(a) = -2*a**3 - 2*a**2 + 2*a - 5. Let l be b(-5). Let m = l - 167. Let d(j) = j + 6. Let z be d(-4). Calculate the highest common divisor of m and z.
2
Let g(s) = 12*s**2 + 707*s + 8296. Let u be g(-12). What is the highest common factor of 196 and u?
28
Let i be (-1 - -2)/(2*(-1)/(-316)). Suppose -2*c + 64 = -i. Calculate the greatest common factor of c and 37.
37
Let h = -4285 + 10270. Calculate the greatest common divisor of h and 70.
35
Let q = -45 - -47. Suppose -96 = -4*x + h, -13 = q*x - 2*h - 61. What is the highest common factor of 136 and x?
8
Suppose -676 = 4*o - r, 9*r = -5*o + 14*r - 860. Let d = o - -262. Calculate the highest common factor of 47 and d.
47
Let q(s) = 3*s**2 - 15*s + 2. Let w be q(5). Suppose 2*m = -3*h + 9, -6*m + 28 = -w*m - 4*h. Calculate the highest common factor of 60 and m.
6
Suppose 21*z + 4*k + 551 = 26*z, -18 = 2*k. What is the highest common factor of z and 5?
1
Let y be 2/(-4)*(-4 + 4). Suppose -d - 3*d + 168 = y. Let m = 553 - 259. What is the greatest common divisor of d and m?
42
Let p(u) = -17*u + 22. Let w be p(-5). Suppose -7*t - 16 = -w. Let s(x) = x**2 + 14*x + 1. Let m be s(-17). What is the highest common factor of t and m?
13
Let t(w) = 45*w**2 + 15*w + 81. Suppose 0 = 124*n - 122*n + 10. Let u be t(n). What is the highest common divisor of u and 39?
39
Suppose 5*j = -3*f + 256, -2*j - 2*j + 215 = -f. Let z(m) = 15*m + 8. Let i be z(4). Let r = i - j. Calculate the greatest common factor of r and 10.
5
Let k = -3321 + 5862. What is the greatest common divisor of k and 21?
21
Let b(f) = -5*f + 126 - 23*f + 42*f - 8. Let i be b(-7). What is the highest common factor of 160 and i?
20
Let j = -241 - -395. Let f = 167 - j. What is the greatest common divisor of 1 and f?
1
Let q = -6243 - -6249. Calculate the highest common factor of q and 6654.
6
Let x(z) = -10*z + 63. Let b be x(6). Suppose b*m - 171 = -3*c, -65 = -m - 8*c + 3*c. Calculate the highest common factor of 11 and m.
11
Let n(c) = c**3 + c**2 - 28*c + 14. Let u be n(-6). Let h be (u - 8/3) + (-354)/(-18). What is the highest common divisor of h and 38?
19
Suppose 19*l = 14*l + 50. Let b be (8*1/l)/((-8)/20). Let v(r) = -r**2 - 3*r + 1. Let n be v(b). Calculate the highest common divisor of 15 and n.
3
Suppose -55*f + 12168 = 68*f - 87*f. Calculate the greatest common divisor of 507 and f.
169
Let j(z) = -4*z - 2. Let i be j(-5). Let w be (4 + i)/((-2)/(-5)). Suppose 3*t - 21*h = -12*h - 39, -h = -t - 1. What is the highest common divisor of w and t?
5
Suppose 5*s - 3*f = 10*s - 929, 2*f = -2*s + 374. Calculate the highest common divisor of s and 15640.
184
Let c be (7243 - 3) + 154/11. Calculate the greatest common factor of 18 and c.
18
Let w(l) = 3*l**2 - 5*l - 10. Let b be w(-5). Let x = -10 - -14. Suppose 4*m = -8, -x*m = -5*s - 5*m + 88. What is the greatest common factor of b and s?
18
Suppose -7*g - 2*m = -9072, -6*g + 4*g + 2592 = -2*m. Calculate the greatest common divisor of g and 32.
16
Suppose -3*r = -5*g - 94, -5*r - g + 5*g + 161 = 0. Calculate the greatest common factor of 1111 and r.
11
Let l(p) = 9*p**2 + 11*p + 5. Let x be l(-8). Suppose 5052*m = 5218*m - 4814. Calculate the highest common divisor of m and x.
29
Let q be 5124/61*(-2 + 6). Calculate the highest common divisor of q and 84.
84
Let r be 0/((-3)/(-2 - 1)). Suppose 5*y + 0*y - 55 = r. Let i be 11220/165 - -9*1. What is the highest common factor of y and i?
11
Suppose 5*u + 35 = 125. Suppose 4*i + 14 = -0*i + o, 5*o + u = -2*i. Let v be (2 + -1)*(5 - i). What is the greatest common divisor of 36 and v?
9
Suppose -4*o - 1311 + 3969 = 5*a, 4*a + 4*o = 2124. Let j = 586 - a. Calculate the highest common divisor of j and 156.
52
Let m = -4867 - -4876. Calculate the highest common divisor of m and 4.
1
Let h be ((-1140)/(-40))/(7/1358). What is the highest common divisor of h and 57?
57
Let g(l) = 62*l + 1752. Let f be 